 1/8*l**4 + 1/3*l**3 + 24. Let v(t) be the second derivative of j(t). Determine v(-3).
11
Let q(u) be the second derivative of -1/12*u**4 + 0 - 3/2*u**2 - 96*u - u**3. Give q(-4).
5
Suppose 280*z - 285*z - 725 = 0. Let p = -150 - z. Let c(x) = -7*x - 2. What is c(p)?
33
Let a(i) = i**2 - 6*i + 1. Let q(m) be the first derivative of m**2/2 + m - 11. Let k = -10 - -8. Let u(f) = k*q(f) - a(f). Determine u(2).
1
Let c(r) be the first derivative of -2*r**3/3 - 6*r**2 + 2*r - 4. Let s be c(-6). Suppose 4*z + 0*f = s*f - 8, 8 = -z - f. Let n(v) = -2*v - 2. Calculate n(z).
6
Let b(c) = 87 - 2*c**2 - 170 - c + 71. What is b(4)?
-48
Let y(n) = -n**3 - 6*n**2 + 3*n + 7. Let j(p) = -9*p**3 - 58*p**2 + 26*p + 68. Let o(h) = -2*j(h) + 19*y(h). Let b(x) = 3*x. Let z be b(1). What is o(z)?
3
Suppose 7*c = -56 + 91. Suppose 2 = v, -4*v = -0*a + c*a - 23. Let f(h) = 1 - 1 + 2*h. Calculate f(a).
6
Let w(r) = -r**2 + 20*r + 69. Suppose -136*k + 140 = -131*k + 5*x, -x = 3*k - 76. Calculate w(k).
-27
Suppose -h - 7 = 4*o, 3*h + 17 = -o + 40. Suppose -4*i + 18 = a, -3*i + h = 15*a - 12*a. Let d(t) = t**3 - 3*t**2 - 2*t - 2. Calculate d(a).
-18
Let y(m) = -3*m**2 + 13*m + 4. Let x be -21*6*(-8)/84. Suppose 8*o - x*o + 20 = 0. Calculate y(o).
-6
Let z(o) = -48*o + 218 + 30 - 20 + 11*o + 5*o. Determine z(7).
4
Let l be (7 - 40/8)*(138/(-4))/(-3). Let n(s) = -s + 27. Give n(l).
4
Let a(u) be the second derivative of -u**4/12 - u**3/2 + 18*u**2 - 2446*u. Determine a(5).
-4
Let k(p) = -2*p - 57. Let n(u) = u + 4. Let v(g) = k(g) + 5*n(g). Let w be v(13). Let h(d) = 12*d - 2. Calculate h(w).
22
Let m(a) be the second derivative of a**5/4 + 4*a**3/3 - 3*a**2/2 - 127*a. Let t(p) = 2*p**3 + p**2 + p - 2. Let x(l) = -m(l) + 3*t(l). Determine x(-3).
12
Let i(t) = 30*t**2 - 21*t + 60. Let q(a) = 20*a**2 - 14*a + 38. Let v(h) = -5*i(h) + 8*q(h). Determine v(2).
30
Let k be ((-3)/15)/(11/55). Let g(b) = -b. Let o = 3 + -4. Let x(n) = 3*n + 2. Let l(y) = k*g(y) + o*x(y). Calculate l(6).
-14
Let x = 62 - 60. Let t = -50 - -46. Let r(s) = 5*s**2 - 4*s - 3. Let d(n) = 4*n**2 - 4*n - 2. Let c(i) = t*d(i) + 3*r(i). Determine c(x).
3
Suppose 0 = -4*q - 13 - 3. Let c(o) = -16*o + 31 + 9 + 16*o + 6*o - 12. Let w be c(q). Let r(u) = -u**2 + 3*u - 4. Give r(w).
-8
Let g(r) = -r**3 - 34*r**2 - 142*r + 85. Let i be g(-29). Let z(f) = -8*f**2 - 3*f. What is z(i)?
-26
Let v(t) = -t**3 - 4*t**2 + 1. Let b(k) = k**2 - 2*k - 97. Let d be b(11). Suppose 0 = -2*q - 5*g + 10, d*g = 13*q - 16*q - 7. What is v(q)?
26
Let c = 256 - 252. Let a = -4 + 6. Let o(r) = 1 + 3*r**2 + 2*r**a - 4*r**2. Give o(c).
17
Let t(l) = 11*l**2 + 3*l - 2. Let m be (2520/(-855))/28 - (-36)/(-19). What is t(m)?
36
Let q(n) = -2*n**2 + 3*n**2 + 364 - 726 + 373 + 3*n. Calculate q(-5).
21
Suppose -9*b + 574 = 1173 - 536. Let c(l) = -6*l + 13. Give c(b).
55
Let t(l) = -l**2 - l + 13. Let f = 42478 - 42475. Determine t(f).
1
Suppose k - 6*k + 45 = 0. Let x(v) = -50*v**2 - 293*v - 478. Let u(b) = 13*b**2 + 76*b + 124. Let w(o) = -77*u(o) - 20*x(o). Give w(k).
3
Let t(s) be the third derivative of 25*s**4/24 + 88*s**3/3 - 701*s**2 - 1. Give t(-7).
1
Suppose 0 = -5*s - k + 50, 0 = 4*s + 3*k - 3 - 48. Let w(n) = -14*n - n**2 - 2 + 0 + s*n + 3. Let y = 3 - 7. Calculate w(y).
5
Let l = -22 + 16. Let s(z) be the third derivative of -z**4/24 - 2*z**3/3 - 1450*z**2. What is s(l)?
2
Let o be 1*(-1 - -3) + 6. Let k(b) = -4*b - 5. Let y(w) = -9*w. Let h(z) = -4*z. Let p(q) = -2*h(q) + y(q). Let m(d) = k(d) - 5*p(d). Determine m(o).
3
Suppose -308 - 17 + 137 = -94*n. Let s(z) = 4*z + 14. What is s(n)?
22
Let v(r) = r**3 - 65*r**2 - 69*r + 197. Let m be v(66). Let j(h) = 3*h**2 + 1. Calculate j(m).
4
Let b(y) = 30*y**2 + 27*y**2 + 23*y**2 + y**3 - 12*y - 90*y**2 + 11. Calculate b(11).
0
Let q(d) = -40*d + 751. Let k be (266/56)/((4 - 1)*15/180). Give q(k).
-9
Suppose -33*m + 206 + 25 = 0. Let b(u) = -5*u**3 - 12*u**2 - 3*u + 3. Let w(s) = 14*s**3 + 35*s**2 + 9*s - 9. Let g(h) = -17*b(h) - 6*w(h). What is g(m)?
31
Let d be 10/15 + (16/(-12))/2. Let b(k) = -4*k - 13. Determine b(d).
-13
Let s(w) = 0 + 0 - 3 - 1502*w + 1508*w. Suppose 4*l - 18 = -y, -2*y + 12 = 4*l - 2*l. Calculate s(l).
21
Let y(i) = -1648*i**2 + 837*i**2 + 823*i**2. Determine y(2).
48
Let f(u) be the second derivative of -7*u**3/6 + 3*u**2/2 + 634*u. What is f(5)?
-32
Let m = -133 - -136. Suppose -5*t + 2*i = 15, 4*i = -2*t + t - m. Let q(y) = 2*y**3 + 4*y**2 + 2*y - 3. Give q(t).
-27
Let n(f) = f**2 + 94*f + 9. Let c(v) = v**2 + 71*v + 8. Let t(d) = 4*c(d) - 3*n(d). Suppose -2*o - 4*s = -5*o, 5*o = -5*s. Calculate t(o).
5
Let u(v) = -79488*v + 39732*v + 2*v**2 + 39738*v + 12*v**2 + v**3 - 18. Give u(-15).
27
Let s(k) = 2*k - 13. Suppose -28*v - 1548 = -30*v. Let z = 783 - v. What is s(z)?
5
Let r be ((-2)/12)/((-467)/75654). Let y(g) = -g**3 + 25*g**2 + 56*g - 56. What is y(r)?
-2
Let i(y) = -32*y + 60. Let j(q) = -11*q + 21. Let n(b) = -6*i(b) + 17*j(b). Let v(l) = 3 + 3*l**3 - 9*l**2 - 3*l**3 - l**3. Let h be v(-9). Calculate n(h).
12
Let o(i) = -13*i**3 - 17*i**2 - 3*i + 28. Let c(q) = 35*q**3 + 48*q**2 + 8*q - 84. Let g(t) = -3*c(t) - 8*o(t). Give g(-8).
28
Let z(k) be the second derivative of 27*k - 5/2*k**2 + 0 - 1/3*k**3. Suppose -3*t = 4*a + 9 + 6, 0 = -2*a - 5*t + 3. Give z(a).
7
Let a(z) = -4*z**2 + 162 - 483 + 159 + 163 + z**2. Let q be (-9)/4 + (-8)/(-32). Give a(q).
-11
Suppose 9*u - 29 = 12*u - 5*a, -2*a - 1 = 3*u. Let d(w) = -9*w - 10. Determine d(u).
17
Let a = -26 - -25. Let r(u) = 3*u**2 + 2*u + 1. Let j be r(a). Let k(d) = d**j - d**3 - 6 - d + 2*d**3 + 7. Determine k(-2).
-1
Let j be 440/(-36) + -6 - ((-16)/(-9))/(-8). Let z(k) = k**2 + 19*k + 30. Determine z(j).
12
Let s(g) = -3*g + 1. Let x be 0*((-21)/(-14) + -1). Suppose x = -5*j + 15*j - 40. Give s(j).
-11
Suppose 0 = 23*o - 9*o + 90*o + 312. Let j be 1*0*1/3. Let t(s) = s + 0*s + 7 + j*s - 3. Give t(o).
1
Let r(x) be the second derivative of x**5/10 - x**4/12 + x**2 + 1292*x. Let y(k) = -2*k**2 + 4*k**3 + 5 + 0 + 0*k**3. Let t(c) = 5*r(c) - 2*y(c). What is t(1)?
1
Suppose -15 = -145*x + 142*x. Suppose -x*z + 13 = -4*v, -10 = 2*z - 4*z. Let n(m) = -m**3 + 3*m**2 - m + 4. What is n(v)?
1
Let l(m) = 5*m**2 - 5*m + 10. Let k(v) = -14*v**2 + 16*v - 28. Let q(c) = -4*k(c) - 11*l(c). Let p = 5 + 4. Give q(p).
2
Let t(h) = 4*h + 1. Suppose 18*m + 1412 = 14*m. Let x = 350 + m. Give t(x).
-11
Suppose 2*k - 2*p - 10 = 0, -2*k - 2*p = -5*k + 19. Suppose -k = 183*x - 180*x. Let h(u) = 3*u + 1. Give h(x).
-8
Suppose -6*b - 78 = -9*b. Suppose 4*q - 3*m + m = 18, 5*q = -m + b. Suppose 23 = -4*o - n, -o - o - 25 = q*n. Let f(g) = g**2 + 5*g - 3. Calculate f(o).
-3
Let o(x) be the third derivative of -1/2*x**3 + 1/60*x**6 + 0*x - 1/6*x**4 - 18*x**2 + 0*x**5 + 0. Let y = -4 + 2. What is o(y)?
-11
Let c(l) be the second derivative of -11*l**3/2 - l**2/2 - 824*l. Calculate c(1).
-34
Let n(w) = 9*w + 78. Suppose -4*m - 105 = -3*b - 133, b + 5*m + 3 = 0. Calculate n(b).
6
Let u(i) be the second derivative of -5*i**3/6 + 5*i**2 + 790*i. Calculate u(5).
-15
Let f(x) = x**3 - 19*x**2 - 2*x + 2. Suppose -36*m - 80 - 105 = -869. What is f(m)?
-36
Let x(t) = t**3 + 10*t**2 + 8*t - 10. Suppose 0 = -57*g + 54*g - 27. What is x(g)?
-1
Let t be (21/(-4))/((-112)/(-64)). Let i(v) = -2*v**2 - 5*v. Give i(t).
-3
Suppose 15*l - 63 = -3. Let v(r) be the third derivative of 0*r + 0 + 5*r**2 - 5/24*r**4 + 1/3*r**3. Calculate v(l).
-18
Let k be 6/(-12) - (-5)/((-20)/(-6)). Let i(u) = -4*u**2 + 1 - 3 + k - u**2 - 14*u**2. Calculate i(-1).
-20
Let k(u) be the third derivative of u**5/60 - 7*u**4/24 - 149*u**3/6 - 163*u**2. Let q(l) be the first derivative of k(l). What is q(4)?
1
Suppose 2*u + 4 = 3*u. Suppose -q + 3 = u*m - 33, -q = -4*m - 44. Suppose -13*k - q = 38. Let h(l) = -l**3 - 7*l**2 - 7*l - 7. What is h(k)?
-1
Let p(o) = 42*o - 5 + 10*o - 89*o + 6*o**2 - 2 - 10*o**2. Give p(-9).
2
Let f(c) = -c**3 + 13*c**2 - 35*c + 52. Suppose 2*i - 26 = -8*p + 9*p, p + 46 = 4*i. Give f(i).
2
Let z be (0 - 16/(-1)) + (-6 - -2). Suppose -24*l - 120 = -z*l. Let y(s) = -s**2 - 11*s - 3. What is y(l)?
7
Let p(u) = -18*u. Let r(l) = -5*l + 25. Let q be r(4). Suppose -7*z + q*z + 352 = -5*h, 69 = -h - z. Let m = -71 - h. Give p(m).
18
Let z(g) = -4*